- 13*m = 11. Calculate the greatest common divisor of m and 99.
11
Suppose -2 - 4 = 3*r. Let b be (-18)/(-2)*(r - -3). Let y be (-2 - 1)/(2/(-6)). What is the highest common factor of b and y?
9
Suppose 6*d + 44 = 296. What is the greatest common divisor of d and 6?
6
Suppose 0 = -3*t + 4*t - 88. Suppose -4*h + 5*x + 8 = -36, -4*h + 2*x + 44 = 0. Calculate the greatest common divisor of t and h.
11
Suppose -2*y - 26 = 218. Let h = y - -172. Suppose -3*t + h = 2*t. What is the highest common divisor of t and 25?
5
Suppose -5*g + 4*a = -259, 0 = -g - 2*a + 14 + 49. Let k = -7 + 4. Let n be k/(-3) + 0 + 21. Calculate the greatest common factor of n and g.
11
Let u(n) = 4*n - 3. Let p be u(2). Calculate the greatest common factor of p and 5.
5
Let n(d) = -d**3 + d**2 + 3*d + 4. Let t be n(3). Let b(i) = -i - 5. Let v be b(t). Let m = v + 1. What is the highest common divisor of 8 and m?
1
Let v be (39/(-1))/((-6)/4). Let a be -3 + 16 + (3 - 3). What is the highest common divisor of v and a?
13
Suppose -52 = -5*o + 3. Suppose 4*z + z = 25. Suppose 2*g = u + 68, z*u + 175 = 3*g + 2*g. What is the greatest common factor of g and o?
11
Let c(i) = i**2 + 14*i + 1. Let j be c(-10). Let v be (j/65)/((-2)/90). Calculate the greatest common factor of 9 and v.
9
Let i(f) = f**3 + 7*f**2 - 2*f + 2. Let l be i(-7). Suppose -n = -2*n - 8. Let a = n + 12. Calculate the highest common factor of a and l.
4
Let h(p) = p**3 + 11*p**2 - 11*p + 23. Let l be h(-12). Calculate the greatest common factor of l and 154.
11
Let x = 10 + -2. Let i be (-2 + 0 - 2)/(5/(-20)). What is the greatest common factor of i and x?
8
Suppose -2*g + 10 - 8 = 0. Let t = 2 + g. Calculate the greatest common divisor of t and 33.
3
Let t be (3*-1 + 2)*-118. Let o be 2 + (t*2)/2. Suppose -a - 2*a + o = 0. Calculate the greatest common divisor of a and 8.
8
Let g(h) = -h**3 + 8*h**2 - 5*h + 4. Let s(w) = w**3 - 5*w**2 + 2*w - 4. Let t be s(5). Let v be g(t). What is the greatest common divisor of 23 and v?
23
Let s be (-9)/(2 + -5) - -25. Suppose -5*i + 172 = -3*u, -i - u + s = -0*u. Calculate the greatest common factor of 80 and i.
16
Let s(n) = 6*n**2 + n - 2. Let o be s(2). Let a = o - 12. What is the highest common factor of a and 8?
4
Suppose 5*j - 3*j - 22 = 0. What is the highest common divisor of j and 22?
11
Suppose -2*o + 12 = o. Let k = -2 + o. Calculate the greatest common divisor of 4 and k.
2
Let p be (-5*1/3)/((-8)/576). What is the greatest common factor of 48 and p?
24
Suppose -19*n + 24*n - 180 = 0. Calculate the greatest common factor of n and 72.
36
Let a = 8 + -3. Suppose 15 = 5*v - a*d - 0*d, -4 = -2*d. Let c be (-30)/2*11/(-3). Calculate the greatest common factor of c and v.
5
Suppose 0 = 4*g - 291 + 15. What is the highest common divisor of g and 23?
23
Let k = 217 + 42. What is the greatest common factor of k and 37?
37
Let h be (-3)/(-9) - 465/(-9). Let z = -8 - -21. Calculate the greatest common divisor of h and z.
13
Let y = 120 + -78. Calculate the highest common factor of 63 and y.
21
Let p(l) = -10*l - 1. Let u be p(-1). Let b be (0/3)/(0 - 1). Suppose -5*q - 4*g + 131 = -b*q, -31 = -q + 4*g. Calculate the highest common factor of u and q.
9
Suppose -12 = -3*a - a. Suppose -f = a*f - 384. Suppose d - 3 = -3*t - 0, 0 = 5*d + 2*t - 54. Calculate the highest common divisor of f and d.
12
Suppose v + 3*v + 20 = 0, 0 = -5*u + 5*v + 20. Let x(a) = 0*a**2 + 1 + 8*a**2 + 2*a + 0. Let b be x(u). Calculate the highest common divisor of 1 and b.
1
Let d be (-9256)/(-24) - (-2)/(-3). Calculate the highest common factor of d and 35.
35
Let r(p) = 3*p**2 + 17*p**2 + 46*p**2. Suppose -3*t - 3*u = -3, -5*u + 14 = -3*t - t. Let j be r(t). What is the greatest common divisor of 6 and j?
6
Suppose -5*p - 2*j + 298 = 0, 4*p - 3*p = 4*j + 64. What is the highest common factor of p and 10?
10
Let r(i) = 6*i**2 - 2*i. Let t be r(-2). What is the greatest common divisor of 8 and t?
4
Let f be 10/(-4)*(-3 - -5). Let j be 5/(-1)*1/f. What is the greatest common factor of j and 9?
1
Let w = 5 - 9. Let b(s) = s**2 + 5*s - 8. Let k be b(-7). Let y = w + k. Calculate the greatest common factor of 3 and y.
1
Let v be (-17)/1*1/(-1). Let m = v + -10. What is the greatest common divisor of m and 28?
7
Let k = -12 - -22. Suppose 5*q - 2*m - 65 = -0*q, -2*m + k = 0. What is the highest common factor of 6 and q?
3
Let l(r) be the first derivative of r**2/2 + 9*r + 1. Let b be l(-9). Suppose b = q - 38 - 40. What is the greatest common factor of q and 13?
13
Let l be 392/18 + (-24)/(-108). Suppose 2*g = 5*a + l, -5*a + 2*a = 5*g + 7. Calculate the greatest common factor of g and 1.
1
Let g = 49 + -17. Calculate the greatest common factor of g and 16.
16
Suppose 0 = -3*g + 2*m - 0 + 7, -3*m + 12 = 0. Suppose c = -k + 42, k = g*c + 2*k - 202. What is the highest common divisor of c and 5?
5
Suppose -m + 3*q = -15, -8 = 3*m - 3*q - 53. What is the greatest common divisor of 135 and m?
15
Let a be (-1 - 0) + 1 + 2. Suppose -2*r + 1 - 15 = 0. Let b be -1*(2*r - 2). What is the highest common divisor of b and a?
2
Let d = -1 - -169. What is the highest common factor of 28 and d?
28
Suppose -5*x = -4*u - 155, 3*x - x - 59 = u. What is the highest common divisor of x and 135?
27
Let i(j) = 8*j - 1. Let r(a) = -a**2 + 5*a - 4. Let b be r(3). Let x be i(b). Calculate the greatest common factor of x and 15.
15
Let f(p) = -p**3 - 5*p**2 + 4. Let c be f(-6). Calculate the highest common divisor of 10 and c.
10
Let p(y) = y**2 + 2*y - 3. Let x be p(9). Let r = x + 56. Calculate the highest common factor of 19 and r.
19
Suppose -3*u - 2*f + 261 = 0, -5*f = -3*u - 0*f + 261. What is the highest common factor of u and 29?
29
Suppose 2*i + 4*i = 516. What is the highest common factor of 129 and i?
43
Let w = 99 + -187. Let a = -59 - w. Calculate the highest common factor of 58 and a.
29
Suppose 4*a - 6 - 10 = 3*s, 0 = -4*s - 4*a + 16. Suppose -2*l + 2*q + 124 = s, -162 - 162 = -5*l - 2*q. What is the highest common factor of l and 8?
8
Suppose 24*u = 6*u + 216. Calculate the highest common factor of 228 and u.
12
Let u be 332/6 + 4/6. Let o = 92 - 84. What is the highest common factor of o and u?
8
Let c(d) = -d + 1 - 2*d + 2*d. Let k be c(-1). Suppose -195 = -k*m - m. What is the greatest common factor of 26 and m?
13
Let w = 8 + -6. Suppose 3*o = 22 + w. What is the greatest common divisor of o and 4?
4
Let k be (-2)/(-5) - 174/(-15). Let g be 210/49 - 2/7. Suppose x + t = 28, -g*x + 2*t + 64 = -x. What is the highest common divisor of k and x?
12
Suppose y - 5*l = 8, -2*l = -3*y - 0*l + 11. Calculate the highest common divisor of y and 2.
1
Suppose -102 - 2 = -4*u. Calculate the highest common divisor of u and 78.
26
Let y(t) = -t**3 - 4*t - 6. Let a be y(-4). Calculate the greatest common factor of a and 185.
37
Let i = 35 - 15. Suppose 4*m - 60 = -5*l, -i - 4 = -m + l. What is the highest common factor of 10 and m?
10
Suppose -3*y + 144 = 5*f - 111, 0 = 3*y + 15. Calculate the highest common factor of 6 and f.
6
Let r be 755/25 + 2/(-10). What is the highest common divisor of 20 and r?
10
Suppose 0 = -4*j + 14 + 10. Let q be j + (-1)/1 + 0. Calculate the highest common factor of q and 35.
5
Suppose 0 = 4*d - 3*s - 172, -d - 176 = -5*d + 4*s. What is the highest common divisor of d and 10?
10
Let j(u) be the first derivative of -2 + 19/2*u**2 + u. Let f be j(1). Calculate the highest common factor of 50 and f.
10
Suppose 0*o = -2*c - 4*o + 42, 2*c = 3*o + 63. Calculate the greatest common factor of 9 and c.
9
Let g be 8/2 + 2 + 0. Let q be 0/(-2*3/g). Suppose q = -5*o - 4*l + 202, 3*o + 2*l - 103 = 19. Calculate the greatest common divisor of o and 6.
6
Let a be -54 - 0 - (-2 - 0). Let m be (a/(-6))/(2/3). Suppose 18*o + 286 = 20*o. Calculate the greatest common factor of o and m.
13
Let l = 5 + -4. Let k = l - 0. Calculate the greatest common factor of 9 and k.
1
Suppose 0*y = 5*y + 3*n - 6, -y + 9 = -2*n. Let i = y + 1. Calculate the highest common factor of 8 and i.
4
Let p = 20 + 21. Suppose p = -5*y - 64. Let w be 7*((-57)/y - 1). Calculate the greatest common factor of 36 and w.
12
Let b(q) = 14*q + 2. Let i be b(3). What is the greatest common divisor of 33 and i?
11
Suppose 6*q + 4 = 8*q. Let w(h) 